f 1599 and 273.
39
What is the highest common factor of 6825 and 546?
273
Calculate the highest common divisor of 297 and 419232.
33
Calculate the greatest common divisor of 38276 and 84.
28
What is the highest common divisor of 246597 and 12?
3
Calculate the greatest common divisor of 56024 and 23312.
376
What is the greatest common divisor of 189 and 7263?
27
What is the highest common factor of 100 and 422?
2
Calculate the greatest common divisor of 8250 and 43750.
250
Calculate the highest common divisor of 20 and 78570.
10
Calculate the highest common factor of 111101 and 1383.
461
Calculate the greatest common factor of 116853 and 66.
33
What is the greatest common factor of 2910 and 34338?
582
What is the highest common divisor of 381089 and 1972?
493
Calculate the highest common divisor of 380 and 35948.
76
What is the greatest common divisor of 84 and 2814?
42
What is the greatest common divisor of 2032231 and 51?
17
What is the greatest common divisor of 28 and 362460?
28
What is the highest common factor of 10353 and 170723?
203
What is the greatest common divisor of 893635 and 290?
145
Calculate the greatest common factor of 151790 and 270.
10
What is the greatest common factor of 1960 and 63880?
40
What is the highest common factor of 28187 and 142?
71
Calculate the highest common factor of 69 and 111366.
69
Calculate the highest common factor of 15485 and 190.
95
Calculate the highest common divisor of 1187041 and 583.
53
Calculate the greatest common factor of 240424 and 1640.
328
Calculate the highest common divisor of 52602 and 138.
6
Calculate the greatest common divisor of 95784 and 37454.
614
Calculate the highest common factor of 56536 and 74.
74
Calculate the greatest common factor of 346885 and 35.
35
Calculate the greatest common factor of 164739 and 14191.
617
What is the greatest common divisor of 77 and 648676?
7
Calculate the highest common factor of 7 and 9543569.
7
Calculate the highest common divisor of 1313692 and 272.
68
What is the highest common divisor of 3882101 and 1403?
1403
Calculate the highest common divisor of 316 and 460.
4
Calculate the highest common factor of 640 and 718720.
640
Calculate the highest common divisor of 76146 and 28749.
777
Calculate the highest common factor of 9 and 52758.
9
What is the greatest common factor of 4528 and 23489?
283
What is the highest common divisor of 11428 and 108?
4
Calculate the highest common divisor of 9868 and 76.
4
Calculate the greatest common divisor of 54 and 1650186.
54
What is the greatest common factor of 3350 and 51425?
25
What is the highest common divisor of 79594 and 3638?
34
Calculate the highest common divisor of 305 and 80.
5
What is the highest common factor of 15252291 and 639?
639
Calculate the greatest common factor of 635 and 10577195.
635
Calculate the highest common factor of 1196069 and 17.
17
Calculate the highest common divisor of 46 and 9039.
23
What is the greatest common factor of 8496 and 8352?
144
Calculate the highest common divisor of 82608 and 1536.
48
Calculate the greatest common factor of 208550 and 215.
215
Calculate the highest common factor of 489050 and 20.
10
Calculate the greatest common divisor of 48 and 583332.
12
Calculate the greatest common factor of 27 and 157167.
27
Calculate the greatest common factor of 756 and 275562.
378
What is the highest common divisor of 171128 and 4?
4
Calculate the highest common factor of 5572 and 784259.
1393
What is the highest common divisor of 250 and 6118?
2
What is the greatest common divisor of 10480 and 39038?
262
Calculate the highest common factor of 10727 and 391.
17
Calculate the greatest common divisor of 24 and 3768.
24
Calculate the highest common divisor of 648 and 1162836.
324
What is the greatest common divisor of 6828 and 8484?
12
What is the greatest common divisor of 202015 and 55?
55
Calculate the highest common divisor of 231176 and 284.
284
Calculate the greatest common factor of 4876 and 66356.
212
What is the greatest common divisor of 2094 and 294?
6
Calculate the greatest common divisor of 112 and 27392.
16
What is the greatest common divisor of 210860 and 1040?
260
What is the highest common divisor of 15 and 19394745?
15
What is the highest common factor of 8164086 and 2058?
2058
What is the highest common factor of 3080 and 560?
280
What is the highest common factor of 3120 and 3848?
104
Calculate the highest common divisor of 2496 and 75504.
624
What is the greatest common divisor of 994 and 27974?
142
Calculate the highest common factor of 672 and 575904.
672
What is the greatest common divisor of 39 and 288743?
13
What is the highest common divisor of 2024 and 152240?
88
What is the highest common divisor of 8 and 62987?
1
What is the greatest common divisor of 37162 and 85?
17
Calculate the greatest common divisor of 29624 and 552.
184
Calculate the greatest common factor of 1132 and 85183.
283
Calculate the highest common factor of 13343 and 110.
11
Calculate the greatest common factor of 333 and 1467.
9
Calculate the highest common divisor of 1156 and 202589.
289
Calculate the highest common factor of 5768 and 77147.
721
What is the highest common factor of 115829 and 7?
7
What is the greatest common divisor of 36 and 192144?
12
What is the highest common divisor of 14634 and 954?
18
What is the highest common factor of 3388 and 297660?
484
What is the highest common divisor of 4563 and 15093?
351
Calculate the greatest common factor of 11 and 647119.
11
Calculate the highest common factor of 214 and 155792.
214
Calculate the highest common divisor of 41 and 647923.
41
What is the greatest common factor of 30 and 5996715?
15
What is the highest common factor of 58656 and 28717?
611
Calculate the highest common divisor of 5564 and 884.
52
What is the highest common factor of 7312 and 208?
16
What is the highest common divisor of 207120 and 480?
240
Calculate the highest common divisor of 18 and 12645.
9
Calculate the highest common factor of 52 and 14443.
13
What is the greatest common divisor of 100 and 38420?
20
Calculate the highest common factor of 621 and 2277.
207
What is the highest common divisor of 322 and 150374?
322
Calculate the highest common divisor of 3795 and 495.
165
What is the highest common divisor of 1739 and 25419?
37
Calculate the highest common factor of 48662 and 1305.
29
What is the highest common divisor of 121693 and 143?
143
What is the greatest common factor of 818644 and 37753?
1987
Calculate the greatest common factor of 778 and 18.
2
What is the highest common divisor of 24 and 56250?
6
Calculate the highest common divisor of 167662 and 1738.
22
What is the highest common divisor of 760 and 28576?
152
Calculate the greatest common divisor of 1986 and 35417.
331
Calculate the greatest common divisor of 5130 and 85728.
114
What is the greatest common divisor of 43 and 751253?
43
What is the greatest common factor of 16226 and 48190?
122
Calculate the highest common factor of 72 and 3330.
18
Calculate the highest common divisor of 11424 and 203.
7
Calculate the greatest common divisor of 60 and 1157076.
12
What is the highest common divisor of 216290 and 2236?
86
Calculate the highest common divisor of 30960 and 1000.
40
Calculate the greatest common factor of 380 and 22620.
20
What is the greatest common factor of 61544 and 70?
14
What is the greatest common factor of 636 and 188?
4
Calculate the greatest common factor of 79075 and 1475.
25
Calculate the highest common divisor of 943 and 11357.
41
What is the highest common factor of 16 and 321968?
16
Calculate the greatest common factor of 10450 and 53580.
190
What is the greatest common factor of 1862 and 239218?
98
Calculate the greatest common divisor of 5 and 60765.
5
What is the highest common divisor of 25928 and 16?
8
What is the greatest common divisor of 158615 and 10?
5
Calculate the greatest common factor of 29597 and 578.
17
What is the greatest common factor of 126 and 6258?
42
What is the highest common factor of 7073 and 20576?
643
Calculate the highest common divisor of 460339 and 11.
11
Calculate the highest common factor of 41706 and 333.
9
What is the greatest common factor of 105 and 42042?
21
What is the greatest common divisor of 104669 an